0 a factor of 13034150?
True
Is 210 a factor of 397950?
True
Does 80 divide 798400?
True
Does 103 divide 281499?
True
Is 17124 a multiple of 12?
True
Is 79 a factor of 638607?
False
Does 76 divide 2104364?
True
Is 4217797 a multiple of 38?
False
Does 18 divide 1094778?
True
Is 4 a factor of 968?
True
Is 6641820 a multiple of 18?
True
Is 33338 a multiple of 18?
False
Is 6584605 a multiple of 331?
False
Is 113190 a multiple of 10?
True
Is 225 a factor of 96525?
True
Is 2 a factor of 91556?
True
Is 146132 a multiple of 15?
False
Is 549 a factor of 479982?
False
Does 8 divide 385656?
True
Is 188 a factor of 691840?
True
Is 2367914 a multiple of 427?
False
Is 87 a factor of 70905?
True
Is 450 a factor of 58558?
False
Is 232653 a multiple of 164?
False
Is 367 a factor of 72112?
False
Does 15 divide 2299784?
False
Is 318859 a multiple of 4?
False
Does 24 divide 633432?
True
Is 152 a factor of 86792?
True
Is 111202 a multiple of 98?
False
Is 39 a factor of 105027?
True
Does 274 divide 6146368?
True
Does 414 divide 9170514?
True
Is 43 a factor of 1889893?
True
Does 99 divide 1172357?
False
Is 68 a factor of 7395003?
False
Is 597187 a multiple of 39?
False
Is 11 a factor of 19352542?
True
Is 178788 a multiple of 282?
True
Is 412337 a multiple of 88?
False
Is 48 a factor of 10310400?
True
Is 22720 a multiple of 284?
True
Is 67 a factor of 402129?
False
Is 43 a factor of 2059485?
True
Does 104 divide 1188699?
False
Is 8 a factor of 183528?
True
Is 7 a factor of 13921?
False
Is 112 a factor of 99232?
True
Is 23666 a multiple of 45?
False
Is 3484235 a multiple of 14?
False
Does 52 divide 571752?
False
Is 51 a factor of 1509645?
False
Does 10 divide 2712310?
True
Is 130 a factor of 1670715?
False
Is 1175334 a multiple of 16?
False
Is 8 a factor of 9974?
False
Does 41 divide 1884589?
False
Is 70800 a multiple of 150?
True
Is 854611 a multiple of 28?
False
Is 4421411 a multiple of 289?
True
Does 91 divide 6247878?
True
Does 319 divide 190112?
False
Does 18 divide 156672?
True
Does 37 divide 2404445?
True
Does 102 divide 2086789?
False
Does 13 divide 8017568?
True
Does 8 divide 260818?
False
Does 35 divide 401695?
True
Does 897 divide 4320183?
False
Is 125 a factor of 577250?
True
Does 7 divide 52187?
False
Does 475 divide 13792383?
False
Does 34 divide 59160?
True
Is 202 a factor of 82858?
False
Is 122877 a multiple of 6?
False
Is 13 a factor of 200395?
True
Is 11 a factor of 626601?
False
Is 28 a factor of 126992?
False
Is 15 a factor of 2010945?
True
Does 382 divide 9753988?
True
Is 12 a factor of 457788?
True
Is 70 a factor of 6061440?
True
Is 529 a factor of 8387258?
False
Is 50 a factor of 1668250?
True
Does 21 divide 503356?
False
Does 2 divide 42211?
False
Is 19 a factor of 220566?
False
Does 181 divide 1380668?
True
Is 93 a factor of 95810?
False
Does 24 divide 519118?
False
Does 132 divide 37488?
True
Is 65 a factor of 2839759?
False
Does 15 divide 5718540?
True
Does 1247 divide 8810718?
False
Is 96331 a multiple of 9?
False
Does 32 divide 6818?
False
Does 143 divide 95388?
False
Is 5 a factor of 130625?
True
Is 56736 a multiple of 4?
True
Is 39 a factor of 4560075?
True
Is 3887730 a multiple of 6?
True
Is 3 a factor of 886677?
True
Is 212 a factor of 4334956?
False
Is 16 a factor of 1306000?
True
Is 41 a factor of 179985?
False
Is 769299 a multiple of 347?
True
Is 1775925 a multiple of 27?
True
Is 1147682 a multiple of 31?
True
Is 80 a factor of 673382?
False
Is 5 a factor of 1166195?
True
Does 50 divide 2298389?
False
Is 72316 a multiple of 67?
False
Does 2 divide 188219?
False
Is 67137 a multiple of 483?
True
Is 21 a factor of 347573?
False
Is 1434561 a multiple of 63?
False
Is 10941994 a multiple of 157?
False
Does 20 divide 42244?
False
Does 1105 divide 3189030?
True
Is 15 a factor of 1323765?
True
Is 975616 a multiple of 206?
True
Is 74646 a multiple of 319?
True
Does 10 divide 3654460?
True
Is 745 a factor of 4587038?
False
Does 18 divide 191538?
True
Does 265 divide 2603095?
True
Does 14 divide 300054?
False
Is 411953 a multiple of 420?
False
Does 149 divide 1584527?
False
Is 91 a factor of 10386075?
False
Is 822720 a multiple of 192?
True
Does 19 divide 322810?
True
Does 18 divide 4501666?
False
Does 1027 divide 2773438?
False
Is 186843 a multiple of 19?
False
Does 17 divide 751689?
True
Is 70 a factor of 594754?
False
Is 21 a factor of 41181?
True
Is 306805 a multiple of 43?
True
Is 140 a factor of 23380?
True
Does 152 divide 104368?
False
Is 46 a factor of 130644?
False
Does 5 divide 5018872?
False
Does 10 divide 73554?
False
Does 227 divide 513623?
False
Is 13 a factor of 47442?
False
Does 51 divide 392037?
True
Does 6 divide 251796?
True
Is 536 a factor of 7121832?
True
Is 6249411 a multiple of 777?
True
Is 216 a factor of 2916212?
False
Is 45 a factor of 260370?
True
Is 26 a factor of 14691742?
True
Is 5589211 a multiple of 19?
True
Does 32 divide 2120882?
False
Is 73689 a multiple of 14?
False
Is 406 a factor of 188790?
True
Is 792 a factor of 5492074?
False
Does 45 divide 72437?
False
Is 387 a factor of 7363449?
True
Does 670 divide 4905444?
False
Is 369 a factor of 7042365?
True
Is 25 a factor of 602000?
True
Is 443 a factor of 247194?
True
Is 772276 a multiple of 68?
True
Does 32 divide 163402?
False
Does 99 divide 178818?
False
Does 24 divide 1430784?
True
Does 4 divide 2125508?
True
Does 179 divide 850250?
True
Is 17049 a multiple of 106?
False
Is 868 a factor of 230715?
False
Is 26 a factor of 482827?
False
Is 263450 a multiple of 25?
True
Does 41 divide 98195?
True
Is 31 a factor of 183210?
True
Is 51 a factor of 3742737?
True
Is 6 a factor of 35509?
False
Is 32 a factor of 261056?
True
Does 9 divide 2452824?
True
Is 37 a factor of 341276?
False
Is 354 a factor of 2895144?
False
Does 7 divide 1598691?
False
Is 740724 a multiple of 37?
False
Is 163 a factor of 128770?
True
Is 15 a factor of 993021?
False
Does 50 divide 7062600?
True
Does 5 divide 269265?
True
Does 44 divide 75064?
True
Is 3 a factor of 189330?
True
Does 23 divide 2499905?
False
Does 15 divide 56715?
True
Does 358 divide 3083493?
False
Is 229553 a multiple of 4?
False
Is 10 a factor of 320184?
False
Is 264 a factor of 43296?
True
Is 5849179 a multiple of 26?
False
Does 137 divide 6745146?
False
Is 1483100 a multiple of 27?
False
Does 35 divide 33460?
True
Is 25 a factor of 144602?
False
Is 53174 a multiple of 6?
False
Is 4 a factor of 596147?
False
Is 18135753 a multiple of 91?
False
Does 16 divide 1864560?
True
Is 132 a factor of 1161732?
True
Is 1177180 a multiple of 71?
True
Is 2443592 a multiple of 175?
False
Does 99 divide 47330?
False
Does 234 divide 294138?
True
Is 98142 a multiple of 6?
True
Is 21 a factor of 22981644?
True
Is 162 a factor of 3866143?
False
Does 12 divide 44817?
False
Does 7 divide 3916920?
True
Does 21 divide 1134974?
False
Is 4300595 a multiple of 8?
False
Is 1890383 a multiple of 121?
True
Is 124470 a multiple of 30?
True
Is 94 a factor of 2527378?
True
Is 2536437 a multiple of 641?
True
Is 56355 a multiple of 39?
True
Is 16 a factor of 59871?
False
Does 41 divide 3992039?
False
Is 64 a factor of 6567488?
True
Is 29639 a multiple of 107?
True
Is 186400 a multiple of 8?
True
Does 229 divide 470688?
False
Does 507 divide 6746973?
False
Does 21 divide 79376?
False
Does 300 divide 944100?
True
Does 231 divide 26471676?
True
Is 2865834 a multiple of 727?
True
Is 2 a factor of 3050528?
True
Is 17 a factor of 1483813?
False
Is 2586600 a multiple of 12?
True
Is 31 a factor of 8872?
False
Is 7646639 a multiple of 1001?
True
Does 7 divide 568038?
False
Does 71 divide 5550496?
True
Is 18 a factor of 1885043?
False
Is 83260 a multiple of 115?
True
Is 11 a factor of 14938?
True
Is 2910338 a multiple of 361?
False
Is 5654745 a multiple of 275?
False
Does 122 divide 446505?
False
Is 161568 a multiple of 204?
True
Is 246 a factor of 280686?
True
Is 7090230 a multiple of 22?
False
Is 2631564 a multiple of 468?
True
Is 322 a factor of 55690?
False
Is 16335858 a multiple of 77?
True
Is 179 a factor of 558301?
True
Is 173648 a multiple of 16?
True
Does 468 divide 46800?
True
Does 409 divide 4053283?
False
Is 27280 a multiple of 8?
True
Is 17 a factor of 169099?
True
Does 10 divide 50850?
True
Does 21 divide 83181?
True
Is 1016 a factor of 1712050?
Fals